{"version":"1.0","provider_name":"Fundaci\u00f3 Gala - Salvador Dal\u00ed","provider_url":"https:\/\/www.salvador-dali.org\/fr\/","title":"Visite \u00e9ducative aux Mus\u00e9es Dal\u00ed - Fundaci\u00f3 Gala - Salvador Dal\u00ed","type":"rich","width":600,"height":338,"html":"<blockquote class=\"wp-embedded-content\" data-secret=\"N7g5CsTnQb\"><a href=\"https:\/\/www.salvador-dali.org\/fr\/education-et-activites\/activite\/visite-educative-musees-dali\/\">Visite \u00e9ducative aux Mus\u00e9es Dal\u00ed<\/a><\/blockquote><iframe sandbox=\"allow-scripts\" security=\"restricted\" src=\"https:\/\/www.salvador-dali.org\/fr\/education-et-activites\/activite\/visite-educative-musees-dali\/embed\/#?secret=N7g5CsTnQb\" width=\"600\" height=\"338\" title=\"\u00ab\u00a0Visite \u00e9ducative aux Mus\u00e9es Dal\u00ed\u00a0\u00bb &#8212; Fundaci\u00f3 Gala - Salvador Dal\u00ed\" data-secret=\"N7g5CsTnQb\" frameborder=\"0\" marginwidth=\"0\" marginheight=\"0\" scrolling=\"no\" class=\"wp-embedded-content\"><\/iframe><script>\n\/*! This file is auto-generated *\/\n!function(d,l){\"use strict\";l.querySelector&&d.addEventListener&&\"undefined\"!=typeof URL&&(d.wp=d.wp||{},d.wp.receiveEmbedMessage||(d.wp.receiveEmbedMessage=function(e){var t=e.data;if((t||t.secret||t.message||t.value)&&!\/[^a-zA-Z0-9]\/.test(t.secret)){for(var s,r,n,a=l.querySelectorAll('iframe[data-secret=\"'+t.secret+'\"]'),o=l.querySelectorAll('blockquote[data-secret=\"'+t.secret+'\"]'),c=new RegExp(\"^https?:$\",\"i\"),i=0;i<o.length;i++)o[i].style.display=\"none\";for(i=0;i<a.length;i++)s=a[i],e.source===s.contentWindow&&(s.removeAttribute(\"style\"),\"height\"===t.message?(1e3<(r=parseInt(t.value,10))?r=1e3:~~r<200&&(r=200),s.height=r):\"link\"===t.message&&(r=new URL(s.getAttribute(\"src\")),n=new URL(t.value),c.test(n.protocol))&&n.host===r.host&&l.activeElement===s&&(d.top.location.href=t.value))}},d.addEventListener(\"message\",d.wp.receiveEmbedMessage,!1),l.addEventListener(\"DOMContentLoaded\",function(){for(var e,t,s=l.querySelectorAll(\"iframe.wp-embedded-content\"),r=0;r<s.length;r++)(t=(e=s[r]).getAttribute(\"data-secret\"))||(t=Math.random().toString(36).substring(2,12),e.src+=\"#?secret=\"+t,e.setAttribute(\"data-secret\",t)),e.contentWindow.postMessage({message:\"ready\",secret:t},\"*\")},!1)))}(window,document);\n\/\/# sourceURL=https:\/\/www.salvador-dali.org\/wp-includes\/js\/wp-embed.min.js\n<\/script>\n","thumbnail_url":"https:\/\/www.salvador-dali.org\/wp-content\/uploads\/2025\/02\/didactica1-copia.png","thumbnail_width":607,"thumbnail_height":758,"description":"D\u00e9couvrez les Mus\u00e9es Dal\u00ed avec vos \u00e9l\u00e8ves et plongez dans l\u2019univers fascinant de Salvador Dal\u00ed et Gala, sous une perspective unique et inspirante. Cette exp\u00e9rience p\u00e9dagogique permet de travailler de mani\u00e8re transversale des contenus d\u2019art, d\u2019histoire et de litt\u00e9rature, tout en se connectant au programme scolaire."}

Fundació Gala - Salvador Dalí

Visite éducative aux Musées Dalí - Fundació Gala - Salvador Dalí

<blockquote class="wp-embedded-content" data-secret="N7g5CsTnQb"><a href="https://www.salvador-dali.org/fr/education-et-activites/activite/visite-educative-musees-dali/">Visite éducative aux Musées Dalí</a></blockquote><iframe sandbox="allow-scripts" security="restricted" src="https://www.salvador-dali.org/fr/education-et-activites/activite/visite-educative-musees-dali/embed/#?secret=N7g5CsTnQb" width="600" height="338" title="« Visite éducative aux Musées Dalí » &#8212; Fundació Gala - Salvador Dalí" data-secret="N7g5CsTnQb" frameborder="0" marginwidth="0" marginheight="0" scrolling="no" class="wp-embedded-content"></iframe><script>
/*! This file is auto-generated */
!function(d,l){"use strict";l.querySelector&&d.addEventListener&&"undefined"!=typeof URL&&(d.wp=d.wp||{},d.wp.receiveEmbedMessage||(d.wp.receiveEmbedMessage=function(e){var t=e.data;if((t||t.secret||t.message||t.value)&&!/[^a-zA-Z0-9]/.test(t.secret)){for(var s,r,n,a=l.querySelectorAll('iframe[data-secret="'+t.secret+'"]'),o=l.querySelectorAll('blockquote[data-secret="'+t.secret+'"]'),c=new RegExp("^https?:$","i"),i=0;i<o.length;i++)o[i].style.display="none";for(i=0;i<a.length;i++)s=a[i],e.source===s.contentWindow&&(s.removeAttribute("style"),"height"===t.message?(1e3<(r=parseInt(t.value,10))?r=1e3:~~r<200&&(r=200),s.height=r):"link"===t.message&&(r=new URL(s.getAttribute("src")),n=new URL(t.value),c.test(n.protocol))&&n.host===r.host&&l.activeElement===s&&(d.top.location.href=t.value))}},d.addEventListener("message",d.wp.receiveEmbedMessage,!1),l.addEventListener("DOMContentLoaded",function(){for(var e,t,s=l.querySelectorAll("iframe.wp-embedded-content"),r=0;r<s.length;r++)(t=(e=s[r]).getAttribute("data-secret"))||(t=Math.random().toString(36).substring(2,12),e.src+="#?secret="+t,e.setAttribute("data-secret",t)),e.contentWindow.postMessage({message:"ready",secret:t},"*")},!1)))}(window,document);
//# sourceURL=https://www.salvador-dali.org/wp-includes/js/wp-embed.min.js
</script>

Découvrez les Musées Dalí avec vos élèves et plongez dans l’univers fascinant de Salvador Dalí et Gala, sous une perspective unique et inspirante. Cette expérience pédagogique permet de travailler de manière transversale des contenus d’art, d’histoire et de littérature, tout en se connectant au programme scolaire.
